s 8 - ((6 - (5 - (-1 - -8))) + -1)?
1
What is -10 + -3 + 15 + -12?
-10
7 - (-4 + -28 - -3) - 7 - 6
23
Calculate 13 + -46 - (-1 - (-19 - -13)).
-38
Evaluate 19 + (-7 - -11 - 8).
15
Calculate -6 + (-1 - (8 - 3)) + 28.
16
-16 + (-14 - -1 - (-195 - -181))
-15
What is (6 - 8) + 13 - (-2 - (-1 - 0))?
12
What is the value of (-374 - -367) + -2 + -8?
-17
Evaluate 15 - 9 - (-5 + 2 + 1).
8
Calculate 1 - -1 - (-18 - (3 - (-4 + 24))).
3
What is 264 - 253 - (-1 - 0) - (0 - -4)?
8
28 - 26 - (15 + 7 + -10)
-10
What is 14 + -5 + 7 + (-2 - 1)?
13
(33 - (3 - -3)) + -37
-10
-28 + (-15 - -39) + 0 + 9
5
What is the value of 10 - (-6 - -24 - (5 - 5 - -9))?
1
What is (-3 + 10 - 8) + -8?
-9
What is the value of (19 - 26) + -3 + (-2 + 9 - -2)?
-1
What is 14 + -51 + -9 + 39?
-7
What is the value of -11 + 9 + (-3 - 1) + (-20 - -16)?
-10
Evaluate -6 - (-14 + (7 - 1) + 1 - 13).
14
5 - (4 - 1 - (4 - -10 - 8))
8
23 + 17 - 24 - 16
0
Evaluate (12 - 9) + -3 + (-1 - (0 + -7)).
6
What is the value of -1 + 10 - ((8 - -6) + 12)?
-17
(15 - (17 - -11) - -10) + 5
2
Evaluate 7 + (39 - 27) - 43.
-24
-12 + 26 + (-10 - -6)
10
What is the value of (104 - 101) + -1 + 2 + -1 + -2?
1
What is the value of 17 + (-24 - (46 + -14))?
-39
Calculate 6 + (-2 - 2) + 1 + 3 + 4.
10
-6 - (0 - 17 - (1 - 5))
7
What is 1 + 14 + (73 - 104)?
-16
Calculate 124 + -155 - (-52 + -10).
31
What is the value of -19 - (11 + -9 - 18)?
-3
Calculate -1 + (4 - -17 - 5) - 29.
-14
(39 - 9) + -5 + (-3 - (0 + -5))
27
What is the value of (-2 - (2 + 2)) + (20 - 15 - 11)?
-12
-1 - (4 - (-3 - -10) - (1 + 9))
12
Evaluate (5 - 13) + -1 + (-39 - -22).
-26
What is the value of 2 + (2 - (9 + -4)) - (-23 - 4)?
26
What is the value of -4 - (3 - (-5 + 3 + 0 + 6))?
-3
What is the value of (193 - 215) + (2 - -2)?
-18
What is 1 - -8 - ((-27 - 0) + 26)?
10
What is -2 + (1 - (1 + -1)) - (6 - 11)?
4
Evaluate (6 + -4 - 0) + (8 + -23 - 5).
-18
(8 + -6 - 2) + (-6 + -3 - 2)
-11
Evaluate -65 + 79 - (36 - 9).
-13
What is 101 + -101 + -2 + -3 + 0 + -8?
-13
Evaluate (-5 - (-7 + 0) - 8) + 5.
-1
What is -17 + 30 + -12 + 6?
7
What is the value of 20 + -11 + 49 + -90?
-32
Calculate 22 - (-1 + (8 - (14 - (-9 + 10)))).
28
What is the value of 11 - (1 + -14 + (-59 - -23 - -43))?
17
What is -9 - (6 + 4 + (3 - 4 - 10))?
-8
21 + 17 + -35 + -6 + 1
-2
Calculate (130 - 137) + -2 + 6 + -4.
-7
What is the value of 0 - 8 - (-13 + 8 + -11 + 8)?
0
What is (2 - (8 - -1)) + -6 + 7?
-6
12 + -1 + 17 + -39 + -2
-13
What is the value of -9 - (3 + -8 - (11 - 8))?
-1
Evaluate 6 - ((-17 + 51 - 7) + -17).
-4
What is the value of (-19 - (-5 - 9)) + -5 - 8?
-18
Evaluate (-1 - 5 - (2 - 5)) + (-8 - -13).
2
Calculate -13 + 0 + (80 - 75).
-8
What is the value of (-236 - -228) + -14 + 0?
-22
Calculate -23 + 1 - (1 - 7) - 7.
-23
What is -40 - (15 + -24 + -9 + 12)?
-34
Evaluate 4 + (7 - 0) + (-5 - -14 - 8).
12
Evaluate -6 - (16 - (21 + -10) - 1).
-10
Calculate -8 + -1 + (-16 - (-13 + -6)) - 2.
-8
What is (-8 - -17 - -9 - 13) + -1 + 2?
6
Evaluate -10 + -4 + 19 - 0.
5
What is (14 + -10 - 33) + 23?
-6
-2 - (-9 - (8 - (29 - 7)))
-7
-2 + 8 + 3 + -2 + 3
10
5 - ((34 - 33) + -3 + 18 + -1)
-10
Evaluate (-8 - (-4 + -4)) + -7.
-7
What is -10 - -4 - (6 - 0 - (38 - 19))?
7
What is the value of 28 - 41 - (-2 - (9 + -1 + -3))?
-6
-1 + -16 + (-145 - -173) - 9
2
Evaluate (-27 - -31) + (-25 - 3) - (-13 + 5).
-16
What is the value of 20 - (16 + (-4 - (-12 + 12)))?
8
What is -8 + (5 + -16 - 6 - -34)?
9
(20 - (40 + -10)) + 4 + -1 - 16
-23
What is (26 - -6) + -22 + (2 - 2)?
10
Calculate 20 + (11 - (90 + -27)).
-32
What is 2 + (6 - (5 + 3)) + (-3 - -1)?
-2
(-10 - -5) + 24 + (0 - 6)
13
Evaluate (6 - (6 - 2)) + -1 - 0 - 16.
-15
What is -8 - 2 - (18 - 11 - 25)?
8
What is the value of -3 - (1 + -1) - (-4 + -8)?
9
2 - -21 - (-338 + 340)
21
Calculate -13 + (14 + 18 - 3).
16
Evaluate -1 + (-4 - (10 - 9)) - (-1 + 5).
-10
What is the value of 0 + 5 - (-9 - (-9 - -6))?
11
What is (-2 - -5) + -1 + -9 - 6?
-13
What is 3 + (9 - 0 - 4) - (3 + -12)?
17
What is 12 + 8 + (-15 - -3)?
8
What is the value of (-4 - -3) + 10 - (19 - (12 + 1))?
3
10 - (11 - 21 - 9) - 16
13
Evaluate 6 - 5 - (-2 + (2 - 6)).
7
15 + 10 + -18 + 3 + -19
-9
6 + (-5 - -2) - (251 + -254)
6
Calculate -3 + (5 - -2) + 4 + (3 - 0).
11
Evaluate 284 + -282 + -1 + (2 - 1) - 11.
-9
What is -1 - 4 - (-192 + 190)?
-3
Calculate (-146 - -143) + 3 + 5.
5
Evaluate (1 - 0) + (-4 - -7) + 4.
8
Calculate -21 + 29 + 2 + 1.
11
What is 9 - (48 - 49 - (-8 + 0))?
2
-47 + (-7 - 1) + 39
-16
What is the value of 0 + (2 - 1) + 61 + -61?
1
What is (-13 - (-17 + (-14 - -46))) + -6?
-34
What is the value of 6 - 4 - (0 + -3 - -18 - 0)?
-13
Evaluate (-1 - -38) + 44 + -112.
-31
Calculate -2 - (-1 + 4 - 2) - (501 - 508).
4
What is (-22 - (-30 - -25)) + 4?
-13
What is -44 + 46 - 5 - (1 - 12)?
8
What is 1 + 2 - (13 + 8 + (16 - 22))?
-12
What is the value of (-8 - 7) + 1 + 2 + (-6 - -6)?
-12
What is the value of 3 + -21 + 2 + 11 + -1?
-6
Calculate 6 + (-6 - 8) - (1 + 1 + -3).
-7
Calculate (2 - -4) + -2 + -2 + 231 + -245.
-12
What is 42 + -2 - (64 + -43)?
19
20 - (-1 + (11 - -14))
-4
Calculate 0 + -5 + -2 - (225 - 220).
-12
Calculate 20 - (6 - 2) - (-326 + 341).
1
What is the value of (-135 - -123 - (-59 - -1 - -1)) + -8?
37
Evaluate -5 - 4 - (1 + 5 - (-27 - -29)).
-13
(6 - 6) + 13 + -2 + -6
5
-5 - (6 - (-5 - -17)) - 8
-7
Calculate -9 - (15 - -5) - -12.
-17
What is (27 - (15 + 2)) + -4?
6
0 - (-12 + 4 + 16)
-8
What is 36 - -1 - (13 + -6)?
30
What is ((1 - 4) + 4 - -4) + (-7 - -15)?
13
Calculate 0 + 2 + -10 - (38 - 91 - -47).
-2
What is the value of 7 + 18 + -17 + 6?
14
What is the value of (-5 - 11) + 2 - -18?
4
What is the value of (2 + -22 - -17 - 10) + 12?
-1
What is 3 - ((25 - 18) + -15)?
11
14 - (7 + -29 + 1 + 50)
-15
Evaluate -3 + (37 + -31 - 21).
-18
1 - (29 - 17 - 2)
-9
What is the value of -17 + -8 + (62 - 17)?
20
What is 25 + -9 + -2 - 2?
12
What is -18 + (-2 - -11 - (-1 - 2)) + -5?
-11
Evaluate 15 - (32 - 2) - 4.
-19
Evaluate (48 - 15 - 28) + 1 + -2.
4
What is (-22 - (-2 - 11)) + -12 + 8?
-13
18 + 5 - 17 - 16 - 6
-16
What is the value of (4 - -11) + 12 - 6 - -4?
25
-10 + 1 + 11 + 4
6
What is the value of -153 + 154 + (0 - 6) + 15?
10
(7 - 2) + -441 + 417 + (-1 - -12)
-8
Evaluate (15 - (8 + 9)) + (-3 - 1) + 10.
4
What is 42 - (-22 + 18 - -15)?
31
Evaluate (-1 + -17 - (5 + -13)) + 3.
-7
-1 - -7 - (2 - (23 + -15))
12
What is -7 - (1 - -1 - (-21 - -17))?
-13
What is the value of 5 + (2 + -8 - -14) + -2 + 1?
12
Evaluate -15 - (-6 - (-12 + (4 - -18))).
1
What is 6 + (-92 - -97) + -15 + -1?
-5
What is (-6 - (-5 + (11 - -3))) + (14 - 7)?
-8
Calculate (-3 + 1 - (-25 + 19 + 1)) + 7.
10
Calculate -3 - (56 + -52 - (11 + -3)).
1
0 + 7 + -6 - -1 - 2
0
(7 + (-8 - -17) - (4 - -2)) + -1
9
Evaluate -38 + 3 - (182 - 198).
-19
Evaluate -14 - (3 + 4 - 1 - 11).
-9
Calculate -8 - ((62 - 73) + (2 - 0)).
1
What is -19 + (11 - -24) + -25?
-9
What is 27 + -3 + (-14 - -14)?
24
Calculate -1 + -2 + (17 - (36 + -12)).
-10
What is -8 + 9 + -4 + 4 + (-15 - -2)?
-12
Calculate (-10 - 6 - -8) + (59 - 32).
19
6 - 2 - (3 + 18) - -8
-9
What is the value of (50 - -3) + 267 + -285?
35
Calculate 14 - (1 + (0 - (-4 + 8 + -6))).
11
What is 9 - (21 - (13 + -11 + 4))?
-6
What is the value of (-8 - -16) + 0 - (11 + -23)?
20
Calculate -6 - 0 - (-204 + 200).
-2
What is the value of 16 - ((16 - -16) + -18)?
2
What is the value of 6 + -8 + (5 - 7) + -6 + 8?
-2
Evaluate 7 - (-1 - (-10 + -1) - (-617 + 624)).
4
Evaluate 8 - (3 - (0 - (7 - 1))).
-1
Calculate 5 - (-1 + 1) - (30 + (-83 - -40)).
18
What is the value of -3204 - -3189 - (-1 - (37 + 0))?
23
Calculate 23 + 0 + (-38 - -16).
1
Evaluate (-44 - -29) + 7 + 2.
-6
8 + 0 + 8 + 19 + -29 - 20
-14
What is the value of 4 + (7 - 19 - -3)?
-5
What is (-11 - (-9 + 6)) + 10 + 1 + 5?
8
Evaluate 0 + 2 + -5 - (0 - 14).
11
What is the value of 3 - (-7 + 13) - -12?
9
What is 2 - ((-2 - -7) + -11) - 2 - 6?
0
What is 1 + (-8 - -10) + -11?
-8
21 + -39 - (-5 - 29)
16
-34 + (-38 - (-97 - 12))
37
What is -5 + (17 - 17) + -8 + (-1 - -1)?
-13
What is (-4 - ((0 - 0) + (5 - -1))) + 4?
-6
Evaluate 25 + (-72 - (3 + -21)).
-29
Evaluate 2 - (5 - (14 + -41)).
-30
What is the value of -1 + (5 - 6 - (-11 + 10)) + -5?
-6
(0 - -2) + -1 + 5 + -15 + 4
-5
What is (-1 + -3 - 2) + 1 + (-7 - -1)?
-11
1 - (20 + (-9 -